
-4
What is 6 - (0 + 9) - 0?
-3
Evaluate 5 - (-2 - 1 - -9 - -1).
-2
4 + (1 - -1) + (29 - 25)
10
What is the value of 6 - 7 - (2 + 0)?
-3
Evaluate 0 - -1 - (11 + -18 - -3).
5
Calculate 1 - 5 - (0 - 2).
-2
8 + (-1 - 6) - (-5 - -8)
-2
What is the value of -9 - (-34 + 14) - 14?
-3
9 - (4 - (1 + -3))
3
Evaluate (-3 - (-6 + 17 + -7)) + 3.
-4
(7 - 5) + 8 + -8
2
Evaluate (0 - -6 - 6) + -4.
-4
What is the value of 3 + (-12 - -5) - -9?
5
Calculate 17 - (-4 - -14) - (12 - 2).
-3
-1 + -7 - (-5 - -2)
-5
-1 - (9 + -3 + -5)
-2
Calculate (-1 - 3 - -1) + (-8 - -11).
0
What is the value of (-2 - -9) + 1 + 5 + -8?
5
What is 6 + (-4 - (6 + -5))?
1
Evaluate -4 + 7 + (4 - 3) - 8.
-4
3 + -12 - (-1 + -1)
-7
What is the value of (-5 - -2) + -1 + -16 + 20?
0
4 + (-7 - -8) + 0
5
What is -12 - -8 - (-1 + -4)?
1
What is 93 + -89 - (-1 - -1)?
4
What is the value of (0 - (7 + -3 - -2)) + 13?
7
What is -4 + 9 - (-3 - -3)?
5
(17 - 18) + (-1 - 0)
-2
What is the value of -2 + 1 + 0 + 1?
0
What is -24 - -19 - (-3 - 0)?
-2
Calculate -1 + 3 + (1 - 4).
-1
Calculate -10 + 20 + -7 + -4.
-1
Evaluate (-1 - 15) + 2 + (2 - -4).
-8
Calculate 31 + -33 - (-10 - 1).
9
What is the value of 18 + (-10 + 10 - 10)?
8
(-7 - (0 + -9 + 6)) + 6
2
What is the value of 0 + 11 + -7 + 5?
9
Evaluate -6 - (-4 + 1 + 7 + -9).
-1
What is 1 - (3 + -1) - (-41 + 45)?
-5
-5 - (-6 + 3) - (-7 + 0)
5
(3 - 7 - -8) + -2
2
What is -1 + -1 + 3 + 2?
3
What is -2 - (0 - (-9 - -6)) - -1?
-4
What is the value of (-3 - -3 - 3) + -2 + 0?
-5
What is the value of -2 + 7 - 6 - (-7 - 1)?
7
What is -5 - (-29 - -22 - (1 - 4))?
-1
What is the value of 1 + (9 - 3) + (8 - 11)?
4
Evaluate -1 + 5 + -33 + 28.
-1
Calculate (-4 - -2) + 1 + -4 + 3.
-2
What is the value of 2 - (5 + -7 + 5)?
-1
Calculate -3 + 2 - (-7 - -5 - -2).
-1
What is 0 + -5 - (-2 - 3)?
0
Evaluate 0 + 0 - (-6 + 4).
2
Evaluate 31 - 28 - (-3 + 1).
5
What is (-31 - -27) + (2 - -7)?
5
What is 3 + (-8 - (-7 - -2) - 2)?
-2
What is (-5 - -3 - -17) + (-34 - -27)?
8
-1 + 5 + (2 - 11)
-5
What is -3 - (5 - 4) - (-5 + 3)?
-2
What is -1 - (7 - 3) - (-2 + -3)?
0
Calculate -1 - 1 - (18 + -15).
-5
What is the value of -7 - (-2 - 16 - -7)?
4
1 + 3 + 0 - (-9 + 5)
8
What is 4 + 5 + -2 + 3 + -7?
3
(12 - -9) + -10 + -6
5
Calculate 5 - (-4 - (-5 + (2 - 3))).
3
Evaluate 1 + (5 - (-6 + 7)).
5
Evaluate 4 + (-5 - -4) + -2 + 0.
1
7 + (1 - -5) + -8 + -3
2
What is the value of -1 + ((-1 - 1) + 2 - 3)?
-4
(-1 - (-7 + -6 + 7)) + -5
0
Calculate 4 - (15 - (2 - -7)).
-2
Calculate (3 - 5) + -4 - -1.
-5
What is (13 + -2 - (-10 + 16)) + 4?
9
What is the value of -1 + (-2 - (2 + 0))?
-5
What is 4 + -5 + -3 - 3?
-7
Calculate 2 - 8 - -1 - (-2 + -2).
-1
What is -2 + 3 + -4 + 3?
0
What is the value of 2 + 2 + 3 + -3?
4
What is 0 + 2 + (0 - 5)?
-3
Calculate (8 - (13 + 1)) + 7.
1
Calculate (1 - (-8 + 15)) + 11 - 14.
-9
What is -16 + 9 + 2 - -5?
0
What is -2 + -1 + 2 + (3 - -3)?
5
Evaluate -5 + 1 - (-5 + 6) - 1.
-6
-5 + (6 - (5 - 2))
-2
Evaluate 6 - 1 - (-19 + 26).
-2
-4 - -7 - (-2 + 1 - -4)
0
What is (2 - -8) + -54 + 49?
5
Calculate (5 + -11 - -19) + -11.
2
Evaluate (-1 - 5) + -4 + 6.
-4
(2 - (2 - -4)) + 0
-4
What is -4 - 3 - -26 - 7 - 5?
7
What is -5 - -1 - (-4 + 2 - 0)?
-2
Evaluate 0 + -2 + 31 + -26.
3
What is (-3 - (1 + 2)) + 1?
-5
What is the value of 8 - 11 - (1 - (2 + -1))?
-3
Calculate (-1 - (-2 + 3) - 1) + 2.
-1
-102 + 102 + 0 + 1 + -1
0
What is the value of 1 - (4 + -1 + (3 - 1))?
-4
What is the value of 0 + 10 + (-10 - -1)?
1
Calculate (-2 - (-11 + 4)) + -10 + 2.
-3
(-7 - -16) + -7 - -2
4
2 - (2 - 2 - 2)
4
What is the value of -11 + (7 - 5) + 5?
-4
What is (-2 - -5) + 14 + -10?
7
Evaluate (-9 - (0 + -5)) + 0 - -8.
4
What is -8 + 11 + -6 + 12?
9
Calculate 11 + -3 + (0 - (3 + 1)).
4
What is the value of 6 + (-4 - (8 + -5))?
-1
Calculate (7 + 0 - 9) + -3.
-5
Evaluate -4 - (-3 + (3 - 4) + 5).
-5
Calculate 2 + 2 + (-4 + 1 - 0).
1
44 - 36 - (-2 + 7)
3
What is -28 + 25 + (0 - 3)?
-6
What is the value of -3 - (1 - 4) - -3?
3
Evaluate 13 + (-16 - 0) - (1 - 0).
-4
What is the value of 0 + 26 - (-3 + 18)?
11
Evaluate 5 + -4 + 3 - 3.
1
What is the value of 4 + 0 + -1 - 9?
-6
Evaluate -3 - (-5 + -1) - 0.
3
What is the value of 6 - (-8 - -14 - (1 - -5))?
6
Calculate (-4 + 2 - (-21 + 20)) + -5.
-6
Calculate 2 + (-6 + (-4 - -3) - 4).
-9
What is -5 - 1 - (-2 + -5)?
1
What is (4 + (0 - 2) - 3) + -2?
-3
1 + (1 - (-3 - (-2 + -5)))
-2
What is -5 + 3 + 1 + -9 + 6?
-4
What is the value of -2 + -6 - -3 - -2?
-3
Calculate (0 - 1) + (-1 - -1) - -1.
0
What is -3 - (1 + (1 - 1))?
-4
What is the value of 0 + 7 + 4 + (-1 - 7)?
3
Evaluate 5 + 37 + -39 + (1 - 3).
1
Evaluate -43 - -49 - (-3 - -1).
8
-12 + -7 + (-2 - -14)
-7
-4 + 2 + 1 + 3
2
5 + (2 - 14 - -17)
10
What is the value of 3 - (3 + (-2 - 3) - -5)?
0
What is (27 - 23 - (10 - 1)) + 6?
1
Evaluate (15 - 10) + 4 + (-4 - -3).
8
What is the value of -1 + (-4 - -6) + 5?
6
Evaluate 0 + 4 + -10 + 7 + 1.
2
Calculate 11 + -2 + -5 - -6.
10
Calculate 0 - (-4 + (5 - 5)).
4
Calculate -1 + (7 - 4) + 3.
5
21 + -20 + 1 + -5 - -4
1
Calculate (6 - (-6 + 4 + 7)) + -7.
-6
Calculate -17 + 22 - (2 + -2).
5
Calculate (9 - 7) + -12 - -4.
-6
Calculate 6 - -2 - 11 - (-7 + 1).
3
5 + (1 - 1 - (-5 - -8))
2
Evaluate (0 + 2 - 5) + 4.
1
What is 6 + -6 + 0 + 3 + -1?
2
Calculate 4 + (2 - -2) - 6.
2
0 + (-4 + -2 - -2)
-4
Evaluate 0 + (21 - 5 - 11).
5
What is -9 + 12 - (-3 - -9)?
-3
What is the value of 4 + (-4 - (7 + -4))?
-3
What is 8 + 2 + (-8 - -5 - 4)?
3
What is 6 - (24 + -18 + 0 + -8)?
8
What is 10 + 2 + -9 - 2?
1
Calculate (0 - -2) + -5 + 1.
-2
Calculate -2 + 6 - 5 - 1.
-2
Calculate (0 + -2 - (-33 + 30)) + -5.
-4
-4 - ((4 - -7) + -6 + -7)
-2
-5 + 5 + -5 - -7
2
What is 4 + (1 - (2 - 2))?
5
Calculate 0 + (-2 - 1) - (-11 - -3).
5
What is (2 - 10) + 0 - -3?
-5
What is 1 + 5 + -28 + 26?
4
(-3 - (-3 + 4)) + 4
0
-26 + 26 + -1 - (0 + -7)
6
Calculate (2 - -1) + -4 + -2 + -2.
-5
What is -2 + (-2 - 2 - -3 - -1)?
-2
What is (-23 - -23 - (-1 + 4)) + -2?
-5
What is the value of (-4 - -3 - -12) + -16?
-5
Calculate 1 - ((0 - 3) + -3).
7
Calculate 24 - (-6 - -14) - 9.
7
(1 - 0) + 8 - (5 + -3)
7
Calculate 0 - (-5 + (12 - 5)).
-2
Calculate 3 + -9 + 3 + -2 + 0.
-5
What is the value of 1 - -2 - (-1 + -1 + 2)?
3
Calculate -2 + (0 + -1 - -7) + -3.
1
What is the value of 0 + (-4 - (1 - 3))?
-2
What is the value of 3 + 2 + -1 + 0?
4
What is the value of -1 - ((0 - -2) + -6)?
3
What is (-2 - 1 - -6) + 1?
4
Evaluate 5 + -1 + 24 + -33.
-5
What is the value of 2 + (-2 - (-6 - (3 - 7)))?
2
What is -6 - -4 - (5 + 2 + -4)?
-5
What is the value of (3 - 3 - (-3 - 1)) + -2?
2
What is 6 + (7 - 12 - 0)?
1
Calculate -4 + 9 + 5 + -7.
3
Calculate 6 + (0 - 6 - (-2 - 0)).
2
What is 5 + 5 - (2 + 8 + -4)?
4
Evaluate (-2 - (-2 + 3)) + 8 + -5.
0
Evaluate 3 - (-3 - -2 - -9).
-5
(2 - -3) + (-4 - 3)
-2
Evaluate 2 + -5 - (2 - (2 - -2)).
-1
-4 - (-7 - -3 - -6 - 10)
4
Evaluate -5 + 1 - (5 - 13).
4
What is 2 + (2 + -3 - 1)?
0
9 + 0 - (-88 - -98)
-1
Evaluate -6 + (-4 - -12) + -10.
-8
What is -4 + -3 + 9 + 1?
3
(-2 - -5) + (-1 - 3)
-1
Calculate 2 - 0 - (-4 + 17 + -9).
-2
12 - (14 + -7 + 0)
5
16 + -5 + -2 + 2 + -5
6
-3 + 6 - 6 - (2 + -9)
4
What is the value of -3 - (-3 + 1) - 3?
-4
Evaluate 18 + -11 + (-3 - 1) - 4.
-1
What is -6 + (-1 + 5 + -1 - 2)?
-5
1 + 0 + 2 + (-4 - 1)
-2
-2 + (13 - -1) + -7
5
Calculate 7 + (-4 - -6 - (7 - 1)).
3
Calculate -3 + (5 - 7) + 10.
5
What is 12 - 10 - (1 + 4)?
-3
0 + (1 + 3 - 2)
2
What is 3 - ((1 - 0) + (-8 - -10))?
0
Evaluate -7 + 15 + -3 + (-3 - -5).
7
Evaluate 0 + (-5 - 1 - -8 - 2).
0
What is the value of 0 - -6 - (-7 + 5 - -4)?
4
-68 + 76 - (-1 + 9)
0
What is -3 - (2 + (4 - 4) + -8)?
3
What is 1 + -2 + 6 - (-8 + 8)?
5
Calculate 2 + (1 - 4) - -1 - 0.
0
What is -10 + 2 + -11 + 17?
-2
-1 + (-18 - -7 - -7)
-5
What is the value of -3 - (0 - ((1 - 2) + -1))?
-5
What is the value of (-3 + 1 - -8) + (-7 - 1)?
-2
What is the value of 2 + (-4 - -3 - -4)?
5
What is the value of 5 + 0 + -3 - 0?
2
What is the value of 4 + (-4 - -5 - -4) + -14?
-5
Calculate (-25 - -29) + (-3 - 6).
-5
(1 - 11) + (14 - 22 - -10)
-8
What is 0 + (-7 - (2 - 5)) + 0?
-4
What is (0 - -21) + -5 + 7 + -14?
9
Calculate -12 + (4 - 0) + 5.
-3
(-5 - (5 + -6)) + 7
3
What is the value of 4 - (0 + -2) - 3?
3
-6 + -6 + 6 + 4 + 0
-2
-2 - -1 - (-2 + 0)
1
-1 + -6 + -1 + 8
0